{"id":1350,"date":"2024-06-02T19:19:22","date_gmt":"2024-06-02T17:19:22","guid":{"rendered":"https:\/\/nerjacoffeeroasters.com\/?post_type=product&#038;p=1350"},"modified":"2026-04-28T09:55:35","modified_gmt":"2026-04-28T07:55:35","slug":"cafe-organico-peru","status":"publish","type":"product","link":"https:\/\/nerjacoffeeroasters.com\/es\/product\/cafe-organico-peru\/","title":{"rendered":"Caf\u00e9 Org\u00e1nico Per\u00fa"},"content":{"rendered":"<div class=\"_3cRjW\" data-hook=\"content-wrapper\">\n<p>Descubre nuestro caf\u00e9 org\u00e1nico peruano, cultivado en <strong>las f\u00e9rtiles tierras de San Mart\u00edn<\/strong>, entre 900 y 1.750 metros de altitud. Producido por 943 familias de la cooperativa fundada en 2012, este caf\u00e9 de especialidad nace de una agricultura 100% sostenible, sin intermediarios. Con 40 productores distribuidos en 45 zonas de producci\u00f3n, cada grano refleja el compromiso con la calidad, el medio ambiente y el comercio justo. Avalado por proyectos con el Ministerio de Agricultura y la ONG Solidaridad, garantizamos trazabilidad y excelencia desde la finca hasta tu taza.<\/p>\n<p><strong><em>Notas de cata<\/em> &#8211; Caramelo, avellana.<\/strong><\/p>\n<div><img fetchpriority=\"high\" decoding=\"async\" class=\"alignnone wp-image-4034\" src=\"https:\/\/nerjacoffeeroasters.com\/wp-content\/uploads\/2026\/04\/peru-tasting-notes-300x300.png\" alt=\"Animation of caramel and a sliced open hazelnut on a white background\" width=\"250\" height=\"250\" srcset=\"https:\/\/nerjacoffeeroasters.com\/wp-content\/uploads\/2026\/04\/peru-tasting-notes-300x300.png 300w, https:\/\/nerjacoffeeroasters.com\/wp-content\/uploads\/2026\/04\/peru-tasting-notes-1024x1024.png 1024w, https:\/\/nerjacoffeeroasters.com\/wp-content\/uploads\/2026\/04\/peru-tasting-notes-150x150.png 150w, https:\/\/nerjacoffeeroasters.com\/wp-content\/uploads\/2026\/04\/peru-tasting-notes-768x768.png 768w, https:\/\/nerjacoffeeroasters.com\/wp-content\/uploads\/2026\/04\/peru-tasting-notes-12x12.png 12w, https:\/\/nerjacoffeeroasters.com\/wp-content\/uploads\/2026\/04\/peru-tasting-notes-600x600.png 600w, https:\/\/nerjacoffeeroasters.com\/wp-content\/uploads\/2026\/04\/peru-tasting-notes.png 1080w\" sizes=\"(max-width: 250px) 100vw, 250px\" \/><\/div>\n<\/div>\n<p><b><i>Perfil de tueste: Omniroast-Medio<\/i><\/b><\/p>\n<p><img decoding=\"async\" class=\"alignnone wp-image-1887\" src=\"https:\/\/nerjacoffeeroasters.com\/wp-content\/uploads\/2025\/02\/Recommendations-300x213.webp\" alt=\"Recommendations for different ways to brew coffee\" width=\"251\" height=\"178\" srcset=\"https:\/\/nerjacoffeeroasters.com\/wp-content\/uploads\/2025\/02\/Recommendations-300x213.webp 300w, https:\/\/nerjacoffeeroasters.com\/wp-content\/uploads\/2025\/02\/Recommendations-1024x726.webp 1024w, https:\/\/nerjacoffeeroasters.com\/wp-content\/uploads\/2025\/02\/Recommendations-768x545.webp 768w, https:\/\/nerjacoffeeroasters.com\/wp-content\/uploads\/2025\/02\/Recommendations-18x12.webp 18w, https:\/\/nerjacoffeeroasters.com\/wp-content\/uploads\/2025\/02\/Recommendations.webp 1080w\" sizes=\"(max-width: 251px) 100vw, 251px\" \/><\/p>\n<p>&nbsp;<\/p>\n<div class=\"_3cRjW\" data-hook=\"content-wrapper\">\n<p><strong><em>Regi\u00f3n: San Mart\u00edn.<\/em><\/strong><\/p>\n<p><strong><em>Proceso: Lavado<\/em><\/strong><\/p>\n<p><strong><em>Altitud: 900m &#8211; 1750m<\/em><\/strong><\/p>\n<p><strong><em>Variedades: Caturra, Pache, Typica, Bourbon<\/em><\/strong><\/p>\n<\/div>\n","protected":false},"excerpt":{"rendered":"<h5>Omniroast &#8211; Medio<br \/>\nNotas de cata &#8211; Caramelo, avellana.<br \/>\nPerfecto solo o con leche.<\/h5>\n","protected":false},"featured_media":4036,"comment_status":"open","ping_status":"closed","template":"","meta":[],"product_brand":[],"product_cat":[16,74],"product_tag":[91,93,95,32],"class_list":{"0":"post-1350","1":"product","2":"type-product","3":"status-publish","4":"has-post-thumbnail","6":"product_cat-cafe","7":"product_cat-destacado","8":"product_tag-cafe-de-especialidad","9":"product_tag-cafe-organico","10":"product_tag-granos-de-cafe-arabica","11":"product_tag-nerja-cafe","13":"first","14":"instock","15":"taxable","16":"shipping-taxable","17":"purchasable","18":"product-type-variable"},"_links":{"self":[{"href":"https:\/\/nerjacoffeeroasters.com\/es\/wp-json\/wp\/v2\/product\/1350","targetHints":{"allow":["GET"]}}],"collection":[{"href":"https:\/\/nerjacoffeeroasters.com\/es\/wp-json\/wp\/v2\/product"}],"about":[{"href":"https:\/\/nerjacoffeeroasters.com\/es\/wp-json\/wp\/v2\/types\/product"}],"replies":[{"embeddable":true,"href":"https:\/\/nerjacoffeeroasters.com\/es\/wp-json\/wp\/v2\/comments?post=1350"}],"wp:featuredmedia":[{"embeddable":true,"href":"https:\/\/nerjacoffeeroasters.com\/es\/wp-json\/wp\/v2\/media\/4036"}],"wp:attachment":[{"href":"https:\/\/nerjacoffeeroasters.com\/es\/wp-json\/wp\/v2\/media?parent=1350"}],"wp:term":[{"taxonomy":"product_brand","embeddable":true,"href":"https:\/\/nerjacoffeeroasters.com\/es\/wp-json\/wp\/v2\/product_brand?post=1350"},{"taxonomy":"product_cat","embeddable":true,"href":"https:\/\/nerjacoffeeroasters.com\/es\/wp-json\/wp\/v2\/product_cat?post=1350"},{"taxonomy":"product_tag","embeddable":true,"href":"https:\/\/nerjacoffeeroasters.com\/es\/wp-json\/wp\/v2\/product_tag?post=1350"}],"curies":[{"name":"wp","href":"https:\/\/api.w.org\/{rel}","templated":true}]}}

Café Orgánico Perú

<div class="_3cRjW" data-hook="content-wrapper">
<p>Descubre nuestro café orgánico peruano, cultivado en <strong>las fértiles tierras de San Martín</strong>, entre 900 y 1.750 metros de altitud. Producido por 943 familias de la cooperativa fundada en 2012, este café de especialidad nace de una agricultura 100% sostenible, sin intermediarios. Con 40 productores distribuidos en 45 zonas de producción, cada grano refleja el compromiso con la calidad, el medio ambiente y el comercio justo. Avalado por proyectos con el Ministerio de Agricultura y la ONG Solidaridad, garantizamos trazabilidad y excelencia desde la finca hasta tu taza.</p>
<p><strong><em>Notas de cata</em> &#8211; Caramelo, avellana.</strong></p>
<div><img fetchpriority="high" decoding="async" class="alignnone wp-image-4034" src="https://nerjacoffeeroasters.com/wp-content/uploads/2026/04/peru-tasting-notes-300x300.png" alt="Animation of caramel and a sliced open hazelnut on a white background" width="250" height="250" srcset="https://nerjacoffeeroasters.com/wp-content/uploads/2026/04/peru-tasting-notes-300x300.png 300w, https://nerjacoffeeroasters.com/wp-content/uploads/2026/04/peru-tasting-notes-1024x1024.png 1024w, https://nerjacoffeeroasters.com/wp-content/uploads/2026/04/peru-tasting-notes-150x150.png 150w, https://nerjacoffeeroasters.com/wp-content/uploads/2026/04/peru-tasting-notes-768x768.png 768w, https://nerjacoffeeroasters.com/wp-content/uploads/2026/04/peru-tasting-notes-12x12.png 12w, https://nerjacoffeeroasters.com/wp-content/uploads/2026/04/peru-tasting-notes-600x600.png 600w, https://nerjacoffeeroasters.com/wp-content/uploads/2026/04/peru-tasting-notes.png 1080w" sizes="(max-width: 250px) 100vw, 250px" /></div>
</div>
<p><b><i>Perfil de tueste: Omniroast-Medio</i></b></p>
<p><img decoding="async" class="alignnone wp-image-1887" src="https://nerjacoffeeroasters.com/wp-content/uploads/2025/02/Recommendations-300x213.webp" alt="Recommendations for different ways to brew coffee" width="251" height="178" srcset="https://nerjacoffeeroasters.com/wp-content/uploads/2025/02/Recommendations-300x213.webp 300w, https://nerjacoffeeroasters.com/wp-content/uploads/2025/02/Recommendations-1024x726.webp 1024w, https://nerjacoffeeroasters.com/wp-content/uploads/2025/02/Recommendations-768x545.webp 768w, https://nerjacoffeeroasters.com/wp-content/uploads/2025/02/Recommendations-18x12.webp 18w, https://nerjacoffeeroasters.com/wp-content/uploads/2025/02/Recommendations.webp 1080w" sizes="(max-width: 251px) 100vw, 251px" /></p>
<p>&nbsp;</p>
<div class="_3cRjW" data-hook="content-wrapper">
<p><strong><em>Región: San Martín.</em></strong></p>
<p><strong><em>Proceso: Lavado</em></strong></p>
<p><strong><em>Altitud: 900m &#8211; 1750m</em></strong></p>
<p><strong><em>Variedades: Caturra, Pache, Typica, Bourbon</em></strong></p>
</div>
